{"id":15,"date":"2016-02-14T21:25:01","date_gmt":"2016-02-14T21:25:01","guid":{"rendered":"http:\/\/paradigme-bm.uvvg.ro\/?page_id=15"},"modified":"2016-02-23T20:43:54","modified_gmt":"2016-02-23T20:43:54","slug":"instructiuni-de-redactare","status":"publish","type":"page","link":"https:\/\/paradigme-bm.uvvg.ro\/index.php\/instructiuni-de-redactare\/","title":{"rendered":"Instruc\u021biuni de redactare"},"content":{"rendered":"<p style=\"text-align: justify;\" align=\"JUSTIFY\">Articolele se vor scrie \u00een limba rom\u00e2n\u0103, folosind editorul de texte Microsoft Word \u0219i nu vor dep\u0103\u0219i 15 pagini, incluz\u00e2nd desene, tabele \u0219i referin\u021be. Textul se va scrie folosind fontul Times New Roman, la un r\u00e2nd, \u00een format pagin\u0103 A4.<\/p>\n<p align=\"JUSTIFY\">Articolul va con\u021bine:<\/p>\n<ul>\n<li>\n<p align=\"JUSTIFY\">titlul boldat, cu majuscule, centrat, de dimensiunea 16p;<\/p>\n<\/li>\n<li>\n<p align=\"JUSTIFY\">numele autorului, institu\u021bia de care apar\u021bine autorul (numele, adresa), e-mailul de contact al autorului, dimensiunea fontului de 12p, boldat, centrat;<\/p>\n<\/li>\n<li>\n<p align=\"JUSTIFY\">abstractul, de maxim 10 r\u00e2nduri, dimensiunea fontului de 12 p, italic;<\/p>\n<\/li>\n<li>\n<p align=\"JUSTIFY\">cuvintele cheie, maxim 5, dimensiunea fontului 12p;<\/p>\n<\/li>\n<li>\n<p align=\"JUSTIFY\">bibliografia se va plasa la sf\u00e2r\u0219itul articolului folosind Times New Roman 12p. Aceasta va fi ordonat\u0103 alfabetic dup\u0103 numele autorului \u0219i va con\u021bine doar lucr\u0103rile citate. Se va men\u021biona numele autorului, titlul lucr\u0103rii, <span lang=\"en-US\">editura\/revista,<\/span> ora\u0219ul editurii\/<span lang=\"en-US\">num<\/span><span lang=\"ro-RO\">\u0103rul revistei<\/span>, anul apari\u021biei \u0219i paginile, dac\u0103 este cazul.<\/p>\n<\/li>\n<li>\n<p align=\"JUSTIFY\"><span lang=\"ro-RO\">webografia va men\u021biona linkul publica\u021biei \u0219i data consult\u0103rii;<\/span><\/p>\n<p>Exemplu:<\/p>\n<p><a href=\"https:\/\/ebibliothecaseptentrionalis.wordpress.com\/2016\/01\/12\/eseu-distrugerea-cartii-ca-depozitar-al-spiritului\/\" target=\"_blank\">https:\/\/ebibliothecaseptentrionalis.wordpress.com\/2016\/01\/12\/eseu-distrugerea-cartii-ca-depozitar-al-spiritului<\/a>, consultat la 15.02.2016<\/li>\n<\/ul>\n<ul>\n<li>\n<p align=\"JUSTIFY\">pentru referin\u021bele de pe parcursul articolului se vor utilza note de subsol. Tot la note de subsol vor fi inserate \u0219i comentariile,\u00a0traducerea citatelor, indica\u021biile bibliografice etc.<\/p>\n<\/li>\n<\/ul>\n<p align=\"JUSTIFY\"><strong>Articolul se va trimite \u00een fi\u0219ier cu extensia .doc sau .docx la adresa:<\/strong><\/p>\n<p align=\"JUSTIFY\"><strong><a href=\"&#109;&#x61;i&#x6c;&#x74;&#111;&#x3a;p&#97;&#x72;&#97;&#x64;i&#103;&#x6d;e&#x2d;b&#109;&#x40;u&#x76;&#x76;&#103;&#x2e;r&#111;\" target=\"_blank\">&#x70;&#x61;&#x72;&#97;&#100;&#105;gm&#x65;&#x2d;&#x62;&#x6d;&#64;&#117;vv&#x67;&#x2e;&#x72;&#x6f;<\/a> p\u00e2n\u0103 la sf\u00e2r\u0219itul lunii februarie\u00a0a fiec\u0103rui an.<\/strong><\/p>\n<p align=\"RIGHT\">Revista: Paradigme universitare b\u0103im\u0103rene,<\/p>\n<p align=\"RIGHT\">Centrul de redac\u021bie<\/p>\n","protected":false},"excerpt":{"rendered":"<p>Articolele se vor scrie \u00een limba rom\u00e2n\u0103, folosind editorul de texte Microsoft Word \u0219i nu vor dep\u0103\u0219i 15 pagini, incluz\u00e2nd desene, tabele \u0219i referin\u021be. Textul se va scrie folosind fontul Times New Roman, la un r\u00e2nd, \u00een format pagin\u0103 A4. &hellip; <a href=\"https:\/\/paradigme-bm.uvvg.ro\/index.php\/instructiuni-de-redactare\/\">Continue reading <span class=\"meta-nav\">&rarr;<\/span><\/a><\/p>\n","protected":false},"author":1,"featured_media":0,"parent":0,"menu_order":0,"comment_status":"closed","ping_status":"closed","template":"","meta":{"footnotes":"","_links_to":"","_links_to_target":""},"tags":[23,24,25],"class_list":["post-15","page","type-page","status-publish","hentry","tag-instructiuni-de-redactare","tag-paradigme-baia-mare","tag-universitatea-goldis-din-arad"],"_links":{"self":[{"href":"https:\/\/paradigme-bm.uvvg.ro\/index.php\/wp-json\/wp\/v2\/pages\/15","targetHints":{"allow":["GET"]}}],"collection":[{"href":"https:\/\/paradigme-bm.uvvg.ro\/index.php\/wp-json\/wp\/v2\/pages"}],"about":[{"href":"https:\/\/paradigme-bm.uvvg.ro\/index.php\/wp-json\/wp\/v2\/types\/page"}],"author":[{"embeddable":true,"href":"https:\/\/paradigme-bm.uvvg.ro\/index.php\/wp-json\/wp\/v2\/users\/1"}],"replies":[{"embeddable":true,"href":"https:\/\/paradigme-bm.uvvg.ro\/index.php\/wp-json\/wp\/v2\/comments?post=15"}],"version-history":[{"count":14,"href":"https:\/\/paradigme-bm.uvvg.ro\/index.php\/wp-json\/wp\/v2\/pages\/15\/revisions"}],"predecessor-version":[{"id":279,"href":"https:\/\/paradigme-bm.uvvg.ro\/index.php\/wp-json\/wp\/v2\/pages\/15\/revisions\/279"}],"wp:attachment":[{"href":"https:\/\/paradigme-bm.uvvg.ro\/index.php\/wp-json\/wp\/v2\/media?parent=15"}],"wp:term":[{"taxonomy":"post_tag","embeddable":true,"href":"https:\/\/paradigme-bm.uvvg.ro\/index.php\/wp-json\/wp\/v2\/tags?post=15"}],"curies":[{"name":"wp","href":"https:\/\/api.w.org\/{rel}","templated":true}]}}