{"id":253,"date":"2016-02-21T19:19:50","date_gmt":"2016-02-21T19:19:50","guid":{"rendered":"http:\/\/paradigme-bm.uvvg.ro\/?page_id=253"},"modified":"2016-02-21T19:38:49","modified_gmt":"2016-02-21T19:38:49","slug":"autori-2015","status":"publish","type":"page","link":"https:\/\/paradigme-bm.uvvg.ro\/index.php\/autori-2015\/","title":{"rendered":"Autori 2015"},"content":{"rendered":"<h2 style=\"text-align: justify;\">An II, nr. 2, 2015<\/h2>\n<ul>\n<li style=\"text-align: justify;\">Prof. univ dr. <strong>Aurel ARDELAN<\/strong>\u00a0&#8211; <a href=\"https:\/\/paradigme-bm.uvvg.ro\/Articole\/Aurel ARDELEAN nr2.pdf\" target=\"_blank\">Teorii, legi \u015fi concep\u0163ii din domeniul \u015ftiin\u0163elor vie\u0163ii \u015fi ale p\u0103m\u00e2ntului, cu semnifica\u0163ie pentru epistemologie<\/a><\/li>\n<li style=\"text-align: justify;\">Prof. univ. dr. <strong>Aurel ARDELAN<\/strong> &#8211; <a href=\"https:\/\/paradigme-bm.uvvg.ro\/Articole\/Aurel ARDELEAN laudatio nr2.pdf\" target=\"_blank\">Laudatio rostit de c\u0103tre Prof. univ. dr. Aurel Ardelean, Pre\u0219edintele Universit\u0103\u021bii de Vest \u201eVasile Goldi\u0219\u201d din Arad: Conferirea titlului de Dr. H. C. acad. Valentin I. Vlad, Pre\u0219edintele Academiei Rom\u00e2ne<\/a><\/li>\n<li style=\"text-align: justify;\">Lect. univ. dr. <strong>Dan Ioan BOGDAN<\/strong>\u00a0&#8211; <a href=\"https:\/\/paradigme-bm.uvvg.ro\/Articole\/Ioan BOGDAN nr2.pdf\" target=\"_blank\">Analiza geofizicului \u2013 repere epistemologice<\/a><\/li>\n<li style=\"text-align: justify;\">Drd. <strong>Ioan BOTI\u0218<\/strong>\u00a0&#8211; <a href=\"https:\/\/paradigme-bm.uvvg.ro\/Articole\/Ioan BOTIS nr2.pdf\" target=\"_blank\">O carte incomod\u0103<\/a><\/li>\n<li style=\"text-align: justify;\">Lect. univ. dr. <strong>Melinda BREBAN<\/strong>\u00a0&#8211; <a href=\"https:\/\/paradigme-bm.uvvg.ro\/Articole\/Melinda BREBAN nr2.pdf\" target=\"_blank\">Semnifica\u021bia epistemic\u0103 a conceptului de homogamie<\/a><\/li>\n<li style=\"text-align: justify;\">Lect. univ. dr. <strong>T\u0103nase Ion FILIP<\/strong>\u00a0&#8211; <a href=\"https:\/\/paradigme-bm.uvvg.ro\/Articole\/Tanase Ioan FILIP nr2.pdf\" target=\"_blank\">Elemente de integrare cultural\u0103 european\u0103 a rom\u00e2nilor<\/a><\/li>\n<li style=\"text-align: justify;\">Lect. univ. dr. <strong>Cornel FAUR<\/strong>\u00a0&#8211; <a href=\"https:\/\/paradigme-bm.uvvg.ro\/Articole\/Victor Cornel FAUR nr2.pdf\" target=\"_blank\">Metodologia cercet\u0103rii reliefului vulcanic<\/a><\/li>\n<li style=\"text-align: justify;\">Lect. univ. dr. <strong>Ilie GHERHE\u0218<\/strong>\u00a0&#8211; <a href=\"https:\/\/paradigme-bm.uvvg.ro\/Articole\/Ilie GHERHES despre MARCHIS nr2.pdf\" target=\"_blank\">Dr. Ioan Marchi\u0219: \u201eNodul dacic\u201d sau povestea \u0219tiin\u021bific\u0103 a Nodului Maramure\u0219ean<\/a><\/li>\n<li style=\"text-align: justify;\">Conf. univ. dr. <strong>Nicolae IUGA<\/strong>, dr. <strong>Lauren\u021biu BATIN<\/strong>\u00a0\u00a0&#8211;\u00a0<a href=\"https:\/\/paradigme-bm.uvvg.ro\/Articole\/Nicolae IUGA, Laurentiu BATIN nr2.pdf\" target=\"_blank\">O problem\u0103 de epistemologie: poate fi literatura de fic\u021biune o \u201e\u0219tiin\u021b\u0103 a r\u0103ului\u201d<\/a><\/li>\n<li style=\"text-align: justify;\">Conf. univ. dr. <strong>Nicolae IUGA<\/strong>\u00a0&#8211; <a href=\"https:\/\/paradigme-bm.uvvg.ro\/Articole\/Nicolae IUGA nr2.pdf\" target=\"_blank\">Eseu la o hermeneutic\u0103 a m\u0103\u0219tilori<\/a><\/li>\n<li style=\"text-align: justify;\">Prof. univ. dr. <strong>Octavian M\u00c2NDRU\u021a<\/strong>\u00a0&#8211; <a href=\"https:\/\/paradigme-bm.uvvg.ro\/Articole\/Octavian MANDRUT nr2.pdf\" target=\"_blank\">Elemente actuale ale epistemologiei geografiei\u00a0<\/a><\/li>\n<li style=\"text-align: justify;\">Prof. univ. dr. <strong>Viorel POP<\/strong>, conf. univ. dr. <strong>Mihaela \u0218TE\u021a<\/strong>\u00a0&#8211; <a href=\"https:\/\/paradigme-bm.uvvg.ro\/Articole\/Viorel POP, Mihaela STET nr2.pdf\" target=\"_blank\">Despre cunoa\u0219terea\u00a0 universului<\/a><\/li>\n<li style=\"text-align: justify;\">Acad. <strong>Alexandru SURDU<\/strong>\u00a0&#8211; <a href=\"https:\/\/paradigme-bm.uvvg.ro\/Articole\/Alexandru SURDU nr2.pdf\" target=\"_blank\">Preocup\u0103ri meritorii de Epistemologie<\/a><\/li>\n<li style=\"text-align: justify;\">Lect. univ. dr. <strong>I. \u0218ERBAN<\/strong>\u00a0&#8211; <a href=\"https:\/\/paradigme-bm.uvvg.ro\/Articole\/Paul Razvan SERBAN nr2.pdf\" target=\"_blank\">Geografia \u2013 spa\u021biu epistemololgic al \u0219tiin\u021bei complexit\u0103\u021bii<\/a><\/li>\n<li style=\"text-align: justify;\">conf. univ. dr.<strong> Mihaela \u0218TE\u021a<\/strong>\u00a0&#8211; <a href=\"https:\/\/paradigme-bm.uvvg.ro\/Articole\/Mihaela STET nr2.pdf\" target=\"_blank\">Un tratat deosebit de util<\/a><\/li>\n<li style=\"text-align: justify;\">Lect. univ. dr. <strong>Magnolia TILCA<\/strong>\u00a0&#8211; <a href=\"https:\/\/paradigme-bm.uvvg.ro\/Articole\/Magnolia TILCA nr2.pdf\" target=\"_blank\">Validarea sistemului epistemic prin modul de programare turbo-pascal<\/a><\/li>\n<li style=\"text-align: justify;\">acad. <strong>Valentin I. VLAD<\/strong>\u00a0&#8211; <a href=\"https:\/\/paradigme-bm.uvvg.ro\/Articole\/Valentin Ionel VLAD nr2.pdf\" target=\"_blank\">Diserta\u021bia sus\u021binut\u0103 de c\u0103tre acad. Valentin I. Vlad, Pre\u0219edintele Academiei Rom\u00e2ne\u00a0<\/a><\/li>\n<\/ul>\n","protected":false},"excerpt":{"rendered":"<p>An II, nr. 2, 2015 Prof. univ dr. Aurel ARDELAN\u00a0&#8211; Teorii, legi \u015fi concep\u0163ii din domeniul \u015ftiin\u0163elor vie\u0163ii \u015fi ale p\u0103m\u00e2ntului, cu semnifica\u0163ie pentru epistemologie Prof. univ. dr. Aurel ARDELAN &#8211; Laudatio rostit de c\u0103tre Prof. univ. dr. Aurel Ardelean, &hellip; <a href=\"https:\/\/paradigme-bm.uvvg.ro\/index.php\/autori-2015\/\">Continue reading <span class=\"meta-nav\">&rarr;<\/span><\/a><\/p>\n","protected":false},"author":1,"featured_media":0,"parent":0,"menu_order":0,"comment_status":"closed","ping_status":"closed","template":"","meta":{"footnotes":"","_links_to":"","_links_to_target":""},"tags":[],"class_list":["post-253","page","type-page","status-publish","hentry"],"_links":{"self":[{"href":"https:\/\/paradigme-bm.uvvg.ro\/index.php\/wp-json\/wp\/v2\/pages\/253","targetHints":{"allow":["GET"]}}],"collection":[{"href":"https:\/\/paradigme-bm.uvvg.ro\/index.php\/wp-json\/wp\/v2\/pages"}],"about":[{"href":"https:\/\/paradigme-bm.uvvg.ro\/index.php\/wp-json\/wp\/v2\/types\/page"}],"author":[{"embeddable":true,"href":"https:\/\/paradigme-bm.uvvg.ro\/index.php\/wp-json\/wp\/v2\/users\/1"}],"replies":[{"embeddable":true,"href":"https:\/\/paradigme-bm.uvvg.ro\/index.php\/wp-json\/wp\/v2\/comments?post=253"}],"version-history":[{"count":10,"href":"https:\/\/paradigme-bm.uvvg.ro\/index.php\/wp-json\/wp\/v2\/pages\/253\/revisions"}],"predecessor-version":[{"id":264,"href":"https:\/\/paradigme-bm.uvvg.ro\/index.php\/wp-json\/wp\/v2\/pages\/253\/revisions\/264"}],"wp:attachment":[{"href":"https:\/\/paradigme-bm.uvvg.ro\/index.php\/wp-json\/wp\/v2\/media?parent=253"}],"wp:term":[{"taxonomy":"post_tag","embeddable":true,"href":"https:\/\/paradigme-bm.uvvg.ro\/index.php\/wp-json\/wp\/v2\/tags?post=253"}],"curies":[{"name":"wp","href":"https:\/\/api.w.org\/{rel}","templated":true}]}}

<h2 style="text-align: justify;">An II, nr. 2, 2015</h2>
<ul>
<li style="text-align: justify;">Prof. univ dr. <strong>Aurel ARDELAN</strong> &#8211; <a href="https://paradigme-bm.uvvg.ro/Articole/Aurel ARDELEAN nr2.pdf" target="_blank">Teorii, legi şi concepţii din domeniul ştiinţelor vieţii şi ale pământului, cu semnificaţie pentru epistemologie</a></li>
<li style="text-align: justify;">Prof. univ. dr. <strong>Aurel ARDELAN</strong> &#8211; <a href="https://paradigme-bm.uvvg.ro/Articole/Aurel ARDELEAN laudatio nr2.pdf" target="_blank">Laudatio rostit de către Prof. univ. dr. Aurel Ardelean, Președintele Universității de Vest „Vasile Goldiș” din Arad: Conferirea titlului de Dr. H. C. acad. Valentin I. Vlad, Președintele Academiei Române</a></li>
<li style="text-align: justify;">Lect. univ. dr. <strong>Dan Ioan BOGDAN</strong> &#8211; <a href="https://paradigme-bm.uvvg.ro/Articole/Ioan BOGDAN nr2.pdf" target="_blank">Analiza geofizicului – repere epistemologice</a></li>
<li style="text-align: justify;">Drd. <strong>Ioan BOTIȘ</strong> &#8211; <a href="https://paradigme-bm.uvvg.ro/Articole/Ioan BOTIS nr2.pdf" target="_blank">O carte incomodă</a></li>
<li style="text-align: justify;">Lect. univ. dr. <strong>Melinda BREBAN</strong> &#8211; <a href="https://paradigme-bm.uvvg.ro/Articole/Melinda BREBAN nr2.pdf" target="_blank">Semnificația epistemică a conceptului de homogamie</a></li>
<li style="text-align: justify;">Lect. univ. dr. <strong>Tănase Ion FILIP</strong> &#8211; <a href="https://paradigme-bm.uvvg.ro/Articole/Tanase Ioan FILIP nr2.pdf" target="_blank">Elemente de integrare culturală europeană a românilor</a></li>
<li style="text-align: justify;">Lect. univ. dr. <strong>Cornel FAUR</strong> &#8211; <a href="https://paradigme-bm.uvvg.ro/Articole/Victor Cornel FAUR nr2.pdf" target="_blank">Metodologia cercetării reliefului vulcanic</a></li>
<li style="text-align: justify;">Lect. univ. dr. <strong>Ilie GHERHEȘ</strong> &#8211; <a href="https://paradigme-bm.uvvg.ro/Articole/Ilie GHERHES despre MARCHIS nr2.pdf" target="_blank">Dr. Ioan Marchiș: „Nodul dacic” sau povestea științifică a Nodului Maramureșean</a></li>
<li style="text-align: justify;">Conf. univ. dr. <strong>Nicolae IUGA</strong>, dr. <strong>Laurențiu BATIN</strong>  &#8211; <a href="https://paradigme-bm.uvvg.ro/Articole/Nicolae IUGA, Laurentiu BATIN nr2.pdf" target="_blank">O problemă de epistemologie: poate fi literatura de ficțiune o „știință a răului”</a></li>
<li style="text-align: justify;">Conf. univ. dr. <strong>Nicolae IUGA</strong> &#8211; <a href="https://paradigme-bm.uvvg.ro/Articole/Nicolae IUGA nr2.pdf" target="_blank">Eseu la o hermeneutică a măștilori</a></li>
<li style="text-align: justify;">Prof. univ. dr. <strong>Octavian MÂNDRUȚ</strong> &#8211; <a href="https://paradigme-bm.uvvg.ro/Articole/Octavian MANDRUT nr2.pdf" target="_blank">Elemente actuale ale epistemologiei geografiei </a></li>
<li style="text-align: justify;">Prof. univ. dr. <strong>Viorel POP</strong>, conf. univ. dr. <strong>Mihaela ȘTEȚ</strong> &#8211; <a href="https://paradigme-bm.uvvg.ro/Articole/Viorel POP, Mihaela STET nr2.pdf" target="_blank">Despre cunoașterea  universului</a></li>
<li style="text-align: justify;">Acad. <strong>Alexandru SURDU</strong> &#8211; <a href="https://paradigme-bm.uvvg.ro/Articole/Alexandru SURDU nr2.pdf" target="_blank">Preocupări meritorii de Epistemologie</a></li>
<li style="text-align: justify;">Lect. univ. dr. <strong>I. ȘERBAN</strong> &#8211; <a href="https://paradigme-bm.uvvg.ro/Articole/Paul Razvan SERBAN nr2.pdf" target="_blank">Geografia – spațiu epistemololgic al științei complexității</a></li>
<li style="text-align: justify;">conf. univ. dr.<strong> Mihaela ȘTEȚ</strong> &#8211; <a href="https://paradigme-bm.uvvg.ro/Articole/Mihaela STET nr2.pdf" target="_blank">Un tratat deosebit de util</a></li>
<li style="text-align: justify;">Lect. univ. dr. <strong>Magnolia TILCA</strong> &#8211; <a href="https://paradigme-bm.uvvg.ro/Articole/Magnolia TILCA nr2.pdf" target="_blank">Validarea sistemului epistemic prin modul de programare turbo-pascal</a></li>
<li style="text-align: justify;">acad. <strong>Valentin I. VLAD</strong> &#8211; <a href="https://paradigme-bm.uvvg.ro/Articole/Valentin Ionel VLAD nr2.pdf" target="_blank">Disertația susținută de către acad. Valentin I. Vlad, Președintele Academiei Române </a></li>
</ul>

<p>An II, nr. 2, 2015 Prof. univ dr. Aurel ARDELAN &#8211; Teorii, legi şi concepţii din domeniul ştiinţelor vieţii şi ale pământului, cu semnificaţie pentru epistemologie Prof. univ. dr. Aurel ARDELAN &#8211; Laudatio rostit de către Prof. univ. dr. Aurel Ardelean, &hellip; <a href="https://paradigme-bm.uvvg.ro/index.php/autori-2015/">Continue reading <span class="meta-nav">&rarr;</span></a></p>
