{"id":359,"date":"2017-04-05T08:06:16","date_gmt":"2017-04-05T08:06:16","guid":{"rendered":"http:\/\/paradigme-bm.uvvg.ro\/?page_id=359"},"modified":"2017-04-05T08:21:48","modified_gmt":"2017-04-05T08:21:48","slug":"autori-2017","status":"publish","type":"page","link":"https:\/\/paradigme-bm.uvvg.ro\/index.php\/autori-2017\/","title":{"rendered":"Autori 2017"},"content":{"rendered":"<h2 style=\"text-align: justify;\">An IV, nr. 4, 2017<\/h2>\n<ul>\n<li style=\"text-align: justify;\">Dan Ioan <strong>BOGDAN<\/strong>, <em><a href=\"https:\/\/paradigme-bm.uvvg.ro\/Articole\/BOGDAN-Relatia globalizare si turism, istorie si actualitate nr 4.pdf\" target=\"_blank\">Rela\u021bia dintre procesul de globalizare \u0219i turism, istorie \u0219i actualitate<\/a><\/em><\/li>\n<li style=\"text-align: justify;\">Dan Ioan <strong>BOGDAN<\/strong>, <em><a href=\"https:\/\/paradigme-bm.uvvg.ro\/Articole\/BOGDAN-Recenzie Activitatea turistica internationala nr 4.pdf\" target=\"_blank\">Recenzie: Activitatea turistic\u0103 interna\u021bional\u0103, activitate prin excelen\u021b\u0103 global\u0103<\/a><\/em><\/li>\n<li style=\"text-align: justify;\">Constantin <strong>BUCHET<\/strong>, <a href=\"https:\/\/paradigme-bm.uvvg.ro\/Articole\/BUCHET-Globalizarea,%20un drum intins pe doua secole nr 4.pdf\" target=\"_blank\"><em>Globalizarea, un drum \u00eentins pe dou\u0103 secole<\/em><\/a><\/li>\n<li style=\"text-align: justify;\">Cornel <strong>FAUR<\/strong>, <em><a href=\"https:\/\/paradigme-bm.uvvg.ro\/Articole\/FAUR-Turismul, activitate economica in plina expansiune nr 4.pdf\" target=\"_blank\">Turismul, activitate economic\u0103 \u00een plin\u0103 expansiune<\/a><\/em><\/li>\n<li style=\"text-align: justify;\">Nicolae <strong>IUGA<\/strong>, <em><a href=\"https:\/\/paradigme-bm.uvvg.ro\/Articole\/IUGA-Globalizare si post colonialism nr 4.pdf\" target=\"_blank\">Globalizare \u0219i post \u2013 colonialism<\/a><\/em><\/li>\n<li style=\"text-align: justify;\">Nicolae <strong>IUGA<\/strong><em>, <a href=\"https:\/\/paradigme-bm.uvvg.ro\/Articole\/IUGA-Eseu Swift si Noica nr 4.pdf\" target=\"_blank\">Eseu \u2013 Jonathan Swift \u0219i Constantin Noica<\/a><\/em><\/li>\n<li style=\"text-align: justify;\">Olimpia <strong>NEAGU<\/strong>, <em><a href=\"https:\/\/paradigme-bm.uvvg.ro\/Articole\/NEAGU-Brexit, efecte pentru integrarea europeana nr 4.pdf\" target=\"_blank\">BREXIT \u2013 efecte pentru integrarea european\u0103<\/a><\/em><\/li>\n<li style=\"text-align: justify;\">Viorel <strong>POP<\/strong>, <em><a href=\"https:\/\/paradigme-bm.uvvg.ro\/Articole\/POP-Globalizarea si islamizarea Europei nr 4.pdf\" target=\"_blank\">Globalizarea \u0219i islamizarea Europei<\/a><\/em><\/li>\n<li style=\"text-align: justify;\">Olga <strong>RETTEGI<\/strong><em>, <a href=\"https:\/\/paradigme-bm.uvvg.ro\/Articole\/RETEGI-Contributia asistentului medical nr 4.pdf\" target=\"_blank\">Contribu\u021bia asistentului medical generalist la integrarea social\u0103 a bolnavilor traumatiza\u021bi<\/a><\/em><\/li>\n<li style=\"text-align: justify;\">Felicia <strong>SABOU<\/strong>, <em><a href=\"https:\/\/paradigme-bm.uvvg.ro\/Articole\/SABOU-Aspecte privind conducerea contabilitatii nr 4.pdf\" target=\"_blank\">Aspecte privind conducerea contabilit\u0103\u021bii unei entit\u0103\u021bi<\/a><\/em><\/li>\n<li style=\"text-align: justify;\">Norbert <strong>STENCZEL<\/strong>, <em><a href=\"https:\/\/paradigme-bm.uvvg.ro\/Articole\/STENCZEL-Globalizarea si medicina astazi nr 4.pdf\" target=\"_blank\">Globalizarea \u0219i medicina ast\u0103zi<\/a><\/em><\/li>\n<li style=\"text-align: justify;\">Paul-R\u0103zvan <strong>\u0218ERBAN<\/strong>, <em><a href=\"https:\/\/paradigme-bm.uvvg.ro\/Articole\/SERBAN-Ar putea sa ne impinga rezilienta...nr 4.pdf\" target=\"_blank\">Ar putea s\u0103 ne \u00eemping\u0103 rezilien\u021ba \u00een a g\u00e2ndi dezvoltarea durabil\u0103 sub o alt\u0103 stare de echilibru?<\/a><\/em><\/li>\n<li style=\"text-align: justify;\">Magnolia <strong>TILCA<\/strong>, <em><a href=\"https:\/\/paradigme-bm.uvvg.ro\/Articole\/TILCA-Indicatorul de globalizare KOF si evolutia globalizarii in Romania nr 4.pdf\" target=\"_blank\">Indicatorul de globalizare KOF \u0219i evolu\u021bia globaliz\u0103rii \u00een Rom\u00e2nia<\/a><\/em><\/li>\n<li style=\"text-align: justify;\">Petru <strong>TOMOIAG\u0102<\/strong>, <em><a href=\"https:\/\/paradigme-bm.uvvg.ro\/Articole\/TOMOIOAGA-Organizarea social politica a Romaniei nr 4.pdf\" target=\"_blank\">Organizarea social-politic\u0103 a Rom\u00e2niei &#8211; idei provocatoare<\/a><\/em><\/li>\n<\/ul>\n","protected":false},"excerpt":{"rendered":"<p>An IV, nr. 4, 2017 Dan Ioan BOGDAN, Rela\u021bia dintre procesul de globalizare \u0219i turism, istorie \u0219i actualitate Dan Ioan BOGDAN, Recenzie: Activitatea turistic\u0103 interna\u021bional\u0103, activitate prin excelen\u021b\u0103 global\u0103 Constantin BUCHET, Globalizarea, un drum \u00eentins pe dou\u0103 secole Cornel FAUR, &hellip; <a href=\"https:\/\/paradigme-bm.uvvg.ro\/index.php\/autori-2017\/\">Continue reading <span class=\"meta-nav\">&rarr;<\/span><\/a><\/p>\n","protected":false},"author":1,"featured_media":0,"parent":0,"menu_order":0,"comment_status":"closed","ping_status":"closed","template":"","meta":{"footnotes":"","_links_to":"","_links_to_target":""},"tags":[],"class_list":["post-359","page","type-page","status-publish","hentry"],"_links":{"self":[{"href":"https:\/\/paradigme-bm.uvvg.ro\/index.php\/wp-json\/wp\/v2\/pages\/359","targetHints":{"allow":["GET"]}}],"collection":[{"href":"https:\/\/paradigme-bm.uvvg.ro\/index.php\/wp-json\/wp\/v2\/pages"}],"about":[{"href":"https:\/\/paradigme-bm.uvvg.ro\/index.php\/wp-json\/wp\/v2\/types\/page"}],"author":[{"embeddable":true,"href":"https:\/\/paradigme-bm.uvvg.ro\/index.php\/wp-json\/wp\/v2\/users\/1"}],"replies":[{"embeddable":true,"href":"https:\/\/paradigme-bm.uvvg.ro\/index.php\/wp-json\/wp\/v2\/comments?post=359"}],"version-history":[{"count":6,"href":"https:\/\/paradigme-bm.uvvg.ro\/index.php\/wp-json\/wp\/v2\/pages\/359\/revisions"}],"predecessor-version":[{"id":367,"href":"https:\/\/paradigme-bm.uvvg.ro\/index.php\/wp-json\/wp\/v2\/pages\/359\/revisions\/367"}],"wp:attachment":[{"href":"https:\/\/paradigme-bm.uvvg.ro\/index.php\/wp-json\/wp\/v2\/media?parent=359"}],"wp:term":[{"taxonomy":"post_tag","embeddable":true,"href":"https:\/\/paradigme-bm.uvvg.ro\/index.php\/wp-json\/wp\/v2\/tags?post=359"}],"curies":[{"name":"wp","href":"https:\/\/api.w.org\/{rel}","templated":true}]}}

<h2 style="text-align: justify;">An IV, nr. 4, 2017</h2>
<ul>
<li style="text-align: justify;">Dan Ioan <strong>BOGDAN</strong>, <em><a href="https://paradigme-bm.uvvg.ro/Articole/BOGDAN-Relatia globalizare si turism, istorie si actualitate nr 4.pdf" target="_blank">Relația dintre procesul de globalizare și turism, istorie și actualitate</a></em></li>
<li style="text-align: justify;">Dan Ioan <strong>BOGDAN</strong>, <em><a href="https://paradigme-bm.uvvg.ro/Articole/BOGDAN-Recenzie Activitatea turistica internationala nr 4.pdf" target="_blank">Recenzie: Activitatea turistică internațională, activitate prin excelență globală</a></em></li>
<li style="text-align: justify;">Constantin <strong>BUCHET</strong>, <a href="https://paradigme-bm.uvvg.ro/Articole/BUCHET-Globalizarea,%20un drum intins pe doua secole nr 4.pdf" target="_blank"><em>Globalizarea, un drum întins pe două secole</em></a></li>
<li style="text-align: justify;">Cornel <strong>FAUR</strong>, <em><a href="https://paradigme-bm.uvvg.ro/Articole/FAUR-Turismul, activitate economica in plina expansiune nr 4.pdf" target="_blank">Turismul, activitate economică în plină expansiune</a></em></li>
<li style="text-align: justify;">Nicolae <strong>IUGA</strong>, <em><a href="https://paradigme-bm.uvvg.ro/Articole/IUGA-Globalizare si post colonialism nr 4.pdf" target="_blank">Globalizare și post – colonialism</a></em></li>
<li style="text-align: justify;">Nicolae <strong>IUGA</strong><em>, <a href="https://paradigme-bm.uvvg.ro/Articole/IUGA-Eseu Swift si Noica nr 4.pdf" target="_blank">Eseu – Jonathan Swift și Constantin Noica</a></em></li>
<li style="text-align: justify;">Olimpia <strong>NEAGU</strong>, <em><a href="https://paradigme-bm.uvvg.ro/Articole/NEAGU-Brexit, efecte pentru integrarea europeana nr 4.pdf" target="_blank">BREXIT – efecte pentru integrarea europeană</a></em></li>
<li style="text-align: justify;">Viorel <strong>POP</strong>, <em><a href="https://paradigme-bm.uvvg.ro/Articole/POP-Globalizarea si islamizarea Europei nr 4.pdf" target="_blank">Globalizarea și islamizarea Europei</a></em></li>
<li style="text-align: justify;">Olga <strong>RETTEGI</strong><em>, <a href="https://paradigme-bm.uvvg.ro/Articole/RETEGI-Contributia asistentului medical nr 4.pdf" target="_blank">Contribuția asistentului medical generalist la integrarea socială a bolnavilor traumatizați</a></em></li>
<li style="text-align: justify;">Felicia <strong>SABOU</strong>, <em><a href="https://paradigme-bm.uvvg.ro/Articole/SABOU-Aspecte privind conducerea contabilitatii nr 4.pdf" target="_blank">Aspecte privind conducerea contabilității unei entități</a></em></li>
<li style="text-align: justify;">Norbert <strong>STENCZEL</strong>, <em><a href="https://paradigme-bm.uvvg.ro/Articole/STENCZEL-Globalizarea si medicina astazi nr 4.pdf" target="_blank">Globalizarea și medicina astăzi</a></em></li>
<li style="text-align: justify;">Paul-Răzvan <strong>ȘERBAN</strong>, <em><a href="https://paradigme-bm.uvvg.ro/Articole/SERBAN-Ar putea sa ne impinga rezilienta...nr 4.pdf" target="_blank">Ar putea să ne împingă reziliența în a gândi dezvoltarea durabilă sub o altă stare de echilibru?</a></em></li>
<li style="text-align: justify;">Magnolia <strong>TILCA</strong>, <em><a href="https://paradigme-bm.uvvg.ro/Articole/TILCA-Indicatorul de globalizare KOF si evolutia globalizarii in Romania nr 4.pdf" target="_blank">Indicatorul de globalizare KOF și evoluția globalizării în România</a></em></li>
<li style="text-align: justify;">Petru <strong>TOMOIAGĂ</strong>, <em><a href="https://paradigme-bm.uvvg.ro/Articole/TOMOIOAGA-Organizarea social politica a Romaniei nr 4.pdf" target="_blank">Organizarea social-politică a României &#8211; idei provocatoare</a></em></li>
</ul>

<p>An IV, nr. 4, 2017 Dan Ioan BOGDAN, Relația dintre procesul de globalizare și turism, istorie și actualitate Dan Ioan BOGDAN, Recenzie: Activitatea turistică internațională, activitate prin excelență globală Constantin BUCHET, Globalizarea, un drum întins pe două secole Cornel FAUR, &hellip; <a href="https://paradigme-bm.uvvg.ro/index.php/autori-2017/">Continue reading <span class="meta-nav">&rarr;</span></a></p>
