{"id":76,"date":"2016-02-15T12:54:28","date_gmt":"2016-02-15T12:54:28","guid":{"rendered":"http:\/\/paradigme-bm.uvvg.ro\/?page_id=76"},"modified":"2016-02-23T12:11:17","modified_gmt":"2016-02-23T12:11:17","slug":"vasile-kazar","status":"publish","type":"page","link":"https:\/\/paradigme-bm.uvvg.ro\/index.php\/prezentare-nr-1-2014\/vasile-kazar\/","title":{"rendered":"Vasile KAZAR"},"content":{"rendered":"<p><strong>\u00a0<img loading=\"lazy\" decoding=\"async\" class=\"alignnone size-medium wp-image-211\" src=\"https:\/\/paradigme-bm.uvvg.ro\/wp-content\/uploads\/2016\/02\/Kazar-1-244x300.jpg\" alt=\"Kazar 1\" width=\"244\" height=\"300\" srcset=\"https:\/\/paradigme-bm.uvvg.ro\/wp-content\/uploads\/2016\/02\/Kazar-1-244x300.jpg 244w, https:\/\/paradigme-bm.uvvg.ro\/wp-content\/uploads\/2016\/02\/Kazar-1.jpg 407w\" sizes=\"auto, (max-width: 244px) 100vw, 244px\" \/><\/strong><\/p>\n<p style=\"text-align: justify;\">S-a n\u0103scut \u00een 1913 la Sighetu Marma\u0163iei \u015fi a decedat \u00een 1998 la Bucure\u015fti.<\/p>\n<p style=\"text-align: justify;\">A studiat pictura la Baia Mare, Budapesta \u015fi Paris.<\/p>\n<p style=\"text-align: justify;\">A fost muzeograf la Muzeul de Art\u0103 din Bucure\u015fti \u015fi, din 1950, profesor\u00a0la Academia de Arte Plastice din Bucure\u015fti.<\/p>\n<p style=\"text-align: justify;\">A participat la expozi\u0163ii din \u0163ar\u0103 \u015fi str\u0103in\u0103tate, a publicat albume de grafic\u0103 \u015fi a realizat ilustra\u0163ia grafic\u0103 la unele capodopere ale literaturii universale.<\/p>\n<p style=\"text-align: justify;\">In grafica sa, \u201e<em>Vasile Kazar se inspir\u0103 din via\u0163a social\u0103, obiceiurile \u015fi peisajul din Maramure\u015f, dar evolueaz\u0103 \u00een acela\u015fi timp spre sintez\u0103, cu un desen activ, virulent, ob\u0163in\u00e2nd o atmosfer\u0103 de suprarealism, de fabulos mitologic<\/em>\u201d. (Mircea Deac).<\/p>\n<p style=\"text-align: justify;\"><a href=\"https:\/\/paradigme-bm.uvvg.ro\/index.php\/paradigme-nr-1\/\">Back<\/a><\/p>\n","protected":false},"excerpt":{"rendered":"<p>\u00a0 S-a n\u0103scut \u00een 1913 la Sighetu Marma\u0163iei \u015fi a decedat \u00een 1998 la Bucure\u015fti. A studiat pictura la Baia Mare, Budapesta \u015fi Paris. A fost muzeograf la Muzeul de Art\u0103 din Bucure\u015fti \u015fi, din 1950, profesor\u00a0la Academia de Arte &hellip; <a href=\"https:\/\/paradigme-bm.uvvg.ro\/index.php\/prezentare-nr-1-2014\/vasile-kazar\/\">Continue reading <span class=\"meta-nav\">&rarr;<\/span><\/a><\/p>\n","protected":false},"author":1,"featured_media":0,"parent":60,"menu_order":0,"comment_status":"closed","ping_status":"closed","template":"","meta":{"footnotes":"","_links_to":"","_links_to_target":""},"tags":[15,14],"class_list":["post-76","page","type-page","status-publish","hentry","tag-revista-paradigme-baia-mare","tag-vasile-kazar"],"_links":{"self":[{"href":"https:\/\/paradigme-bm.uvvg.ro\/index.php\/wp-json\/wp\/v2\/pages\/76","targetHints":{"allow":["GET"]}}],"collection":[{"href":"https:\/\/paradigme-bm.uvvg.ro\/index.php\/wp-json\/wp\/v2\/pages"}],"about":[{"href":"https:\/\/paradigme-bm.uvvg.ro\/index.php\/wp-json\/wp\/v2\/types\/page"}],"author":[{"embeddable":true,"href":"https:\/\/paradigme-bm.uvvg.ro\/index.php\/wp-json\/wp\/v2\/users\/1"}],"replies":[{"embeddable":true,"href":"https:\/\/paradigme-bm.uvvg.ro\/index.php\/wp-json\/wp\/v2\/comments?post=76"}],"version-history":[{"count":8,"href":"https:\/\/paradigme-bm.uvvg.ro\/index.php\/wp-json\/wp\/v2\/pages\/76\/revisions"}],"predecessor-version":[{"id":212,"href":"https:\/\/paradigme-bm.uvvg.ro\/index.php\/wp-json\/wp\/v2\/pages\/76\/revisions\/212"}],"up":[{"embeddable":true,"href":"https:\/\/paradigme-bm.uvvg.ro\/index.php\/wp-json\/wp\/v2\/pages\/60"}],"wp:attachment":[{"href":"https:\/\/paradigme-bm.uvvg.ro\/index.php\/wp-json\/wp\/v2\/media?parent=76"}],"wp:term":[{"taxonomy":"post_tag","embeddable":true,"href":"https:\/\/paradigme-bm.uvvg.ro\/index.php\/wp-json\/wp\/v2\/tags?post=76"}],"curies":[{"name":"wp","href":"https:\/\/api.w.org\/{rel}","templated":true}]}}

<p><strong> <img loading="lazy" decoding="async" class="alignnone size-medium wp-image-211" src="https://paradigme-bm.uvvg.ro/wp-content/uploads/2016/02/Kazar-1-244x300.jpg" alt="Kazar 1" width="244" height="300" srcset="https://paradigme-bm.uvvg.ro/wp-content/uploads/2016/02/Kazar-1-244x300.jpg 244w, https://paradigme-bm.uvvg.ro/wp-content/uploads/2016/02/Kazar-1.jpg 407w" sizes="auto, (max-width: 244px) 100vw, 244px" /></strong></p>
<p style="text-align: justify;">S-a născut în 1913 la Sighetu Marmaţiei şi a decedat în 1998 la Bucureşti.</p>
<p style="text-align: justify;">A studiat pictura la Baia Mare, Budapesta şi Paris.</p>
<p style="text-align: justify;">A fost muzeograf la Muzeul de Artă din Bucureşti şi, din 1950, profesor la Academia de Arte Plastice din Bucureşti.</p>
<p style="text-align: justify;">A participat la expoziţii din ţară şi străinătate, a publicat albume de grafică şi a realizat ilustraţia grafică la unele capodopere ale literaturii universale.</p>
<p style="text-align: justify;">In grafica sa, „<em>Vasile Kazar se inspiră din viaţa socială, obiceiurile şi peisajul din Maramureş, dar evoluează în acelaşi timp spre sinteză, cu un desen activ, virulent, obţinând o atmosferă de suprarealism, de fabulos mitologic</em>”. (Mircea Deac).</p>
<p style="text-align: justify;"><a href="https://paradigme-bm.uvvg.ro/index.php/paradigme-nr-1/">Back</a></p>

<p>  S-a născut în 1913 la Sighetu Marmaţiei şi a decedat în 1998 la Bucureşti. A studiat pictura la Baia Mare, Budapesta şi Paris. A fost muzeograf la Muzeul de Artă din Bucureşti şi, din 1950, profesor la Academia de Arte &hellip; <a href="https://paradigme-bm.uvvg.ro/index.php/prezentare-nr-1-2014/vasile-kazar/">Continue reading <span class="meta-nav">&rarr;</span></a></p>
