{"id":9,"date":"2016-02-14T21:22:29","date_gmt":"2016-02-14T21:22:29","guid":{"rendered":"http:\/\/paradigme-bm.uvvg.ro\/?page_id=9"},"modified":"2017-03-27T15:59:07","modified_gmt":"2017-03-27T15:59:07","slug":"numar-curent","status":"publish","type":"page","link":"https:\/\/paradigme-bm.uvvg.ro\/index.php\/numar-curent\/","title":{"rendered":"Num\u0103r curent"},"content":{"rendered":"<h2 style=\"text-align: center;\">Paradigme universitare b\u0103im\u0103rene<\/h2>\n<h2 style=\"text-align: center;\"><strong>CUPRINS<\/strong><\/h2>\n<p style=\"text-align: center;\">\n<table id=\"tablepress-5\" class=\"tablepress tablepress-id-5 tbody-has-connected-cells\">\n<thead>\n<tr class=\"row-1\">\n\t<th class=\"column-1\">Autorul<\/th><th class=\"column-2\">Titlul<\/th><th class=\"column-3\">Pagina<\/th>\n<\/tr>\n<\/thead>\n<tbody class=\"row-striping row-hover\">\n<tr class=\"row-2\">\n\t<td colspan=\"2\" class=\"column-1\"><strong>I. Tematica num\u0103rului: Economii na\u021bionale vs. Globalizare <\/strong><\/td><td class=\"column-3\"><\/td>\n<\/tr>\n<tr class=\"row-3\">\n\t<td class=\"column-1\">Apelul unor academicieni rom\u00e2ni<\/td><td class=\"column-2\"><a href=\"http:\/\/paradigme-bm.uvvg.ro\/Articole\/Apelul membrilor Academiei Romane nr 4.pdf\" target=\"_blank\">Apelul unor academicieni rom\u00e2nii<\/a><\/td><td class=\"column-3\">5<\/td>\n<\/tr>\n<tr class=\"row-4\">\n\t<td class=\"column-1\">Cercet. \u0219t. dr. Constantin BUCHET<\/td><td class=\"column-2\"><a href=\"http:\/\/paradigme-bm.uvvg.ro\/Articole\/BUCHET-Globalizarea, un drum intins pe doua secole nr 4.pdf\" target=\"_blank\">Globalizarea, un drum \u00eentins pe dou\u0103 secole <\/a><\/td><td class=\"column-3\">9<\/td>\n<\/tr>\n<tr class=\"row-5\">\n\t<td class=\"column-1\">Prof.  univ.  dr.  Viorel POP<\/td><td class=\"column-2\"><a href=\"http:\/\/paradigme-bm.uvvg.ro\/Articole\/POP-Globalizarea si islamizarea Europei nr 4.pdf\" target=\"_blank\"> Globalizarea \u0219i islamizarea Europei<\/a><\/td><td class=\"column-3\">37<\/td>\n<\/tr>\n<tr class=\"row-6\">\n\t<td class=\"column-1\">Prof.  univ.  dr.  Nicolae IUGA<\/td><td class=\"column-2\"><a href=\"http:\/\/paradigme-bm.uvvg.ro\/Articole\/IUGA-Globalizare si post colonialism nr 4.pdf\" target=\"_blank\"> Globalizare \u0219i post \u2013 colonialism<\/a><\/td><td class=\"column-3\">53<\/td>\n<\/tr>\n<tr class=\"row-7\">\n\t<td class=\"column-1\">Conf. univ. dr. Olimpia NEAGU<\/td><td class=\"column-2\"><a href=\"http:\/\/paradigme-bm.uvvg.ro\/Articole\/NEAGU-Brexit, efecte pentru integrarea europeana nr 4.pdf\" target=\"_blank\"><br \/>\nBREXIT \u2013 efecte pentru integrarea european\u0103<\/a><\/td><td class=\"column-3\">63<\/td>\n<\/tr>\n<tr class=\"row-8\">\n\t<td class=\"column-1\">Dr. ing. Petru TOMOIOAG\u0102<\/td><td class=\"column-2\"><a href=\"http:\/\/paradigme-bm.uvvg.ro\/Articole\/TOMOIOAGA-Organizarea social politica a Romaniei nr 4.pdf\" target=\"_blank\"> Organizarea social-politic\u0103 a Rom\u00e2niei - idei provocatoare<\/a><\/td><td class=\"column-3\">69<\/td>\n<\/tr>\n<tr class=\"row-9\">\n\t<td class=\"column-1\">Lect. univ. dr. Magnolia TILCA<\/td><td class=\"column-2\"><a href=\"http:\/\/paradigme-bm.uvvg.ro\/Articole\/TILCA-Indicatorul de globalizare KOF si evolutia globalizarii in Romania nr 4.pdf\" target=\"_blank\">Indicatorul de globalizare KOF \u0219i evolu\u021bia globaliz\u0103rii \u00een Rom\u00e2nia<\/a><\/td><td class=\"column-3\">73<\/td>\n<\/tr>\n<tr class=\"row-10\">\n\t<td class=\"column-1\">Lect. univ. dr. Dan Ioan BOGDAN<\/td><td class=\"column-2\"><a href=\"http:\/\/paradigme-bm.uvvg.ro\/Articole\/BOGDAN-Relatia globalizare si turism, istorie si actualitate nr 4.pdf\" target=\"_blank\">Rela\u021bia dintre procesul de globalizare \u0219i turism, istorie \u0219i actualitate<\/a><\/td><td class=\"column-3\">79<\/td>\n<\/tr>\n<tr class=\"row-11\">\n\t<td class=\"column-1\">Lect. univ. dr. Cornel FAUR<\/td><td class=\"column-2\"><a href=\"http:\/\/paradigme-bm.uvvg.ro\/Articole\/FAUR-Turismul, activitate economica in plina expansiune nr 4.pdf\" target=\"_blank\">Turismul, activitate economic\u0103 \u00een plin\u0103 expansiune <\/a><\/td><td class=\"column-3\">91<\/td>\n<\/tr>\n<tr class=\"row-12\">\n\t<td class=\"column-1\">Lect. univ. dr. Paul-R\u0103zvan \u0218ERBAN<\/td><td class=\"column-2\"><a href=\"http:\/\/paradigme-bm.uvvg.ro\/Articole\/SERBAN-Ar putea sa ne impinga rezilienta...nr 4.pdf\" target=\"_blank\"> Ar putea s\u0103 ne \u00eemping\u0103 rezilien\u021ba \u00een a g\u00e2ndi dezvoltarea durabil\u0103 sub o alt\u0103 stare de echilibru?<\/a><\/td><td class=\"column-3\">97<\/td>\n<\/tr>\n<tr class=\"row-13\">\n\t<td class=\"column-1\">Dr. Norbert STENCZEL<\/td><td class=\"column-2\"><a href=\"http:\/\/paradigme-bm.uvvg.ro\/Articole\/STENCZEL-Globalizarea si medicina astazi nr 4.pdf\" target=\"_blank\"> Globalizarea \u0219i medicina ast\u0103zi<\/a><\/td><td class=\"column-3\">103<\/td>\n<\/tr>\n<tr class=\"row-14\">\n\t<td colspan=\"2\" class=\"column-1\"><strong>II. Eseuri, Recenzii &amp; Miscellanea<\/strong><\/td><td class=\"column-3\"><\/td>\n<\/tr>\n<tr class=\"row-15\">\n\t<td class=\"column-1\">Prof.  univ.  dr.  Nicolae IUGA<\/td><td class=\"column-2\"><a href=\"http:\/\/paradigme-bm.uvvg.ro\/Articole\/IUGA-Eseu Swift si Noica nr 4.pdf\" target=\"_blank\">Eseu \u2013 Jonathan Swift \u0219i Constantin Noica<\/a><\/td><td class=\"column-3\">109<\/td>\n<\/tr>\n<tr class=\"row-16\">\n\t<td class=\"column-1\">Conf. univ. dr. Felicia SABOU<\/td><td class=\"column-2\"><a href=\"http:\/\/paradigme-bm.uvvg.ro\/Articole\/SABOU-Aspecte privind conducerea contabilitatii nr 4.pdf\" target=\"_blank\">Aspecte privind conducerea contabilit\u0103\u021bii unei entit\u0103\u021bi<\/a><\/td><td class=\"column-3\">121<\/td>\n<\/tr>\n<tr class=\"row-17\">\n\t<td class=\"column-1\">Lect. univ. dr. Dan Ioan BOGDAN<\/td><td class=\"column-2\"><a href=\"http:\/\/paradigme-bm.uvvg.ro\/Articole\/BOGDAN-Recenzie Activitatea turistica internationala nr 4.pdf\" target=\"_blank\">Recenzie: Activitatea turistic\u0103 interna\u021bional\u0103, activitate prin excelen\u021b\u0103 global\u0103<\/a><\/td><td class=\"column-3\">127<\/td>\n<\/tr>\n<tr class=\"row-18\">\n\t<td class=\"column-1\">As. med. pr. Olga RETTEGI<\/td><td class=\"column-2\"><a href=\"http:\/\/paradigme-bm.uvvg.ro\/Articole\/RETEGI-Contributia asistentului medical nr 4.pdf\" target=\"_blank\"> Contribu\u021bia asistentului medical generalist la integrarea social\u0103 a bolnavilor traumatiza\u021bi<\/a><\/td><td class=\"column-3\">137<\/td>\n<\/tr>\n<\/tbody>\n<\/table>\n<!-- #tablepress-5 from cache --><\/p>\n<p>&nbsp;<\/p>\n<p>&nbsp;<\/p>\n<p>&nbsp;<\/p>\n<p>&nbsp;<\/p>\n","protected":false},"excerpt":{"rendered":"<p>Paradigme universitare b\u0103im\u0103rene CUPRINS &nbsp; &nbsp; &nbsp; &nbsp;<\/p>\n","protected":false},"author":1,"featured_media":0,"parent":0,"menu_order":0,"comment_status":"closed","ping_status":"closed","template":"","meta":{"footnotes":"","_links_to":"","_links_to_target":""},"tags":[],"class_list":["post-9","page","type-page","status-publish","hentry"],"_links":{"self":[{"href":"https:\/\/paradigme-bm.uvvg.ro\/index.php\/wp-json\/wp\/v2\/pages\/9","targetHints":{"allow":["GET"]}}],"collection":[{"href":"https:\/\/paradigme-bm.uvvg.ro\/index.php\/wp-json\/wp\/v2\/pages"}],"about":[{"href":"https:\/\/paradigme-bm.uvvg.ro\/index.php\/wp-json\/wp\/v2\/types\/page"}],"author":[{"embeddable":true,"href":"https:\/\/paradigme-bm.uvvg.ro\/index.php\/wp-json\/wp\/v2\/users\/1"}],"replies":[{"embeddable":true,"href":"https:\/\/paradigme-bm.uvvg.ro\/index.php\/wp-json\/wp\/v2\/comments?post=9"}],"version-history":[{"count":20,"href":"https:\/\/paradigme-bm.uvvg.ro\/index.php\/wp-json\/wp\/v2\/pages\/9\/revisions"}],"predecessor-version":[{"id":350,"href":"https:\/\/paradigme-bm.uvvg.ro\/index.php\/wp-json\/wp\/v2\/pages\/9\/revisions\/350"}],"wp:attachment":[{"href":"https:\/\/paradigme-bm.uvvg.ro\/index.php\/wp-json\/wp\/v2\/media?parent=9"}],"wp:term":[{"taxonomy":"post_tag","embeddable":true,"href":"https:\/\/paradigme-bm.uvvg.ro\/index.php\/wp-json\/wp\/v2\/tags?post=9"}],"curies":[{"name":"wp","href":"https:\/\/api.w.org\/{rel}","templated":true}]}}